{"id":483,"date":"2025-08-25T00:58:27","date_gmt":"2025-08-25T03:58:27","guid":{"rendered":"https:\/\/grupobsagro.com.br\/colonizzare\/?post_type=product&#038;p=483"},"modified":"2025-10-01T18:38:41","modified_gmt":"2025-10-01T21:38:41","slug":"roots","status":"publish","type":"product","link":"https:\/\/grupobsagro.com.br\/colonizzare\/produto\/roots\/","title":{"rendered":"ROOTS"},"content":{"rendered":"","protected":false},"excerpt":{"rendered":"<p><em><strong>COLONIZZARE ROOTS<\/strong><\/em><\/p>\n<p>Trata-se de um blend biol\u00f3gico formulado \u00e0 base de Bacillus megaterium, Bacillus subtilis (2 cepas), Bacillus amyloliquefaciens e Bacillus licheniformis, que atuam de forma sin\u00e9rgica na supress\u00e3o de pat\u00f3genos, promo\u00e7\u00e3o do crescimento vegetal e melhoria da sa\u00fade do solo. A diversidade de cepas amplia o espectro de a\u00e7\u00e3o e contribui para um manejo mais sustent\u00e1vel, com menor uso de insumos qu\u00edmicos e maior efici\u00eancia no cultivo.<\/p>\n<div id=\"gtx-trans\" style=\"position: absolute; left: 94px; top: 35.9006px;\">\n<div class=\"gtx-trans-icon\"><\/div>\n<\/div>\n","protected":false},"featured_media":500,"template":"","meta":[],"product_brand":[],"product_cat":[17],"product_tag":[],"class_list":{"0":"post-483","1":"product","2":"type-product","3":"status-publish","4":"has-post-thumbnail","6":"product_cat-biologicos","8":"first","9":"instock","10":"shipping-taxable","11":"product-type-simple"},"_links":{"self":[{"href":"https:\/\/grupobsagro.com.br\/colonizzare\/wp-json\/wp\/v2\/product\/483","targetHints":{"allow":["GET"]}}],"collection":[{"href":"https:\/\/grupobsagro.com.br\/colonizzare\/wp-json\/wp\/v2\/product"}],"about":[{"href":"https:\/\/grupobsagro.com.br\/colonizzare\/wp-json\/wp\/v2\/types\/product"}],"wp:featuredmedia":[{"embeddable":true,"href":"https:\/\/grupobsagro.com.br\/colonizzare\/wp-json\/wp\/v2\/media\/500"}],"wp:attachment":[{"href":"https:\/\/grupobsagro.com.br\/colonizzare\/wp-json\/wp\/v2\/media?parent=483"}],"wp:term":[{"taxonomy":"product_brand","embeddable":true,"href":"https:\/\/grupobsagro.com.br\/colonizzare\/wp-json\/wp\/v2\/product_brand?post=483"},{"taxonomy":"product_cat","embeddable":true,"href":"https:\/\/grupobsagro.com.br\/colonizzare\/wp-json\/wp\/v2\/product_cat?post=483"},{"taxonomy":"product_tag","embeddable":true,"href":"https:\/\/grupobsagro.com.br\/colonizzare\/wp-json\/wp\/v2\/product_tag?post=483"}],"curies":[{"name":"wp","href":"https:\/\/api.w.org\/{rel}","templated":true}]}}