{"id":479,"date":"2025-08-25T00:50:08","date_gmt":"2025-08-25T03:50:08","guid":{"rendered":"https:\/\/grupobsagro.com.br\/colonizzare\/?post_type=product&#038;p=479"},"modified":"2025-10-01T18:35:37","modified_gmt":"2025-10-01T21:35:37","slug":"falcon","status":"publish","type":"product","link":"https:\/\/grupobsagro.com.br\/colonizzare\/produto\/falcon\/","title":{"rendered":"FALCON"},"content":{"rendered":"","protected":false},"excerpt":{"rendered":"<p><em><strong>COLONIZZARE FALCON<\/strong><\/em><\/p>\n<p>Trata-se de um blend biol\u00f3gico formulado \u00e0 base de Beauveria bassiana, Metarhizium anisopliae e Isaria fumosorosea, reunindo tr\u00eas fungos entomopatog\u00eanicos de comprovada efic\u00e1cia no controle de uma ampla variedade de pragas agr\u00edcolas. Esses agentes biol\u00f3gicos atuam de forma complementar, ampliando o espectro de a\u00e7\u00e3o e proporcionando um controle mais eficaz e duradouro. A combina\u00e7\u00e3o desses fungos contribui para um manejo integrado de pragas mais sustent\u00e1vel, reduzindo a depend\u00eancia de pesticidas qu\u00edmicos e promovendo a sa\u00fade do solo e das culturas.<\/p>\n<div id=\"gtx-trans\" style=\"position: absolute; left: 108px; top: 35.9006px;\">\n<div class=\"gtx-trans-icon\"><\/div>\n<\/div>\n","protected":false},"featured_media":504,"template":"","meta":[],"product_brand":[],"product_cat":[17],"product_tag":[],"class_list":{"0":"post-479","1":"product","2":"type-product","3":"status-publish","4":"has-post-thumbnail","6":"product_cat-biologicos","8":"first","9":"instock","10":"shipping-taxable","11":"product-type-simple"},"_links":{"self":[{"href":"https:\/\/grupobsagro.com.br\/colonizzare\/wp-json\/wp\/v2\/product\/479","targetHints":{"allow":["GET"]}}],"collection":[{"href":"https:\/\/grupobsagro.com.br\/colonizzare\/wp-json\/wp\/v2\/product"}],"about":[{"href":"https:\/\/grupobsagro.com.br\/colonizzare\/wp-json\/wp\/v2\/types\/product"}],"wp:featuredmedia":[{"embeddable":true,"href":"https:\/\/grupobsagro.com.br\/colonizzare\/wp-json\/wp\/v2\/media\/504"}],"wp:attachment":[{"href":"https:\/\/grupobsagro.com.br\/colonizzare\/wp-json\/wp\/v2\/media?parent=479"}],"wp:term":[{"taxonomy":"product_brand","embeddable":true,"href":"https:\/\/grupobsagro.com.br\/colonizzare\/wp-json\/wp\/v2\/product_brand?post=479"},{"taxonomy":"product_cat","embeddable":true,"href":"https:\/\/grupobsagro.com.br\/colonizzare\/wp-json\/wp\/v2\/product_cat?post=479"},{"taxonomy":"product_tag","embeddable":true,"href":"https:\/\/grupobsagro.com.br\/colonizzare\/wp-json\/wp\/v2\/product_tag?post=479"}],"curies":[{"name":"wp","href":"https:\/\/api.w.org\/{rel}","templated":true}]}}