{"id":459,"date":"2025-08-06T21:45:04","date_gmt":"2025-08-07T00:45:04","guid":{"rendered":"https:\/\/grupobsagro.com.br\/colonizzare\/?post_type=product&#038;p=459"},"modified":"2025-09-16T22:22:16","modified_gmt":"2025-09-17T01:22:16","slug":"dherma","status":"publish","type":"product","link":"https:\/\/grupobsagro.com.br\/colonizzare\/produto\/dherma\/","title":{"rendered":"DHERMA"},"content":{"rendered":"","protected":false},"excerpt":{"rendered":"<p><em><strong>COLONIZZARE DHERMA<\/strong><\/em><\/p>\n<p>Trata-se de um blend biol\u00f3gico inovador, formulado com 50% de um pool enzim\u00e1tico (lipase, protease, celulase, amilase e pectinase) e 50% de Trichoderma harzianum. Essa combina\u00e7\u00e3o exclusiva potencializa a absor\u00e7\u00e3o de nutrientes, melhora as condi\u00e7\u00f5es do solo e fortalece as plantas contra doen\u00e7as e estresses. O resultado s\u00e3o ra\u00edzes mais ativas, plantas mais vigorosas e uma produtividade superior, unindo efici\u00eancia nutricional e prote\u00e7\u00e3o natural em uma \u00fanica solu\u00e7\u00e3o.<\/p>\n","protected":false},"featured_media":503,"template":"","meta":[],"product_brand":[],"product_cat":[17],"product_tag":[],"class_list":{"0":"post-459","1":"product","2":"type-product","3":"status-publish","4":"has-post-thumbnail","6":"product_cat-biologicos","8":"first","9":"instock","10":"shipping-taxable","11":"product-type-simple"},"_links":{"self":[{"href":"https:\/\/grupobsagro.com.br\/colonizzare\/wp-json\/wp\/v2\/product\/459","targetHints":{"allow":["GET"]}}],"collection":[{"href":"https:\/\/grupobsagro.com.br\/colonizzare\/wp-json\/wp\/v2\/product"}],"about":[{"href":"https:\/\/grupobsagro.com.br\/colonizzare\/wp-json\/wp\/v2\/types\/product"}],"wp:featuredmedia":[{"embeddable":true,"href":"https:\/\/grupobsagro.com.br\/colonizzare\/wp-json\/wp\/v2\/media\/503"}],"wp:attachment":[{"href":"https:\/\/grupobsagro.com.br\/colonizzare\/wp-json\/wp\/v2\/media?parent=459"}],"wp:term":[{"taxonomy":"product_brand","embeddable":true,"href":"https:\/\/grupobsagro.com.br\/colonizzare\/wp-json\/wp\/v2\/product_brand?post=459"},{"taxonomy":"product_cat","embeddable":true,"href":"https:\/\/grupobsagro.com.br\/colonizzare\/wp-json\/wp\/v2\/product_cat?post=459"},{"taxonomy":"product_tag","embeddable":true,"href":"https:\/\/grupobsagro.com.br\/colonizzare\/wp-json\/wp\/v2\/product_tag?post=459"}],"curies":[{"name":"wp","href":"https:\/\/api.w.org\/{rel}","templated":true}]}}